{"id":8532,"date":"2023-09-08T20:03:47","date_gmt":"2023-09-08T20:03:47","guid":{"rendered":"https:\/\/dicim.facmed.unam.mx\/?page_id=8532"},"modified":"2024-01-10T22:37:17","modified_gmt":"2024-01-10T22:37:17","slug":"debriefing-talk","status":"publish","type":"page","link":"https:\/\/dicim.facmed.unam.mx\/index.php\/debriefing-talk\/","title":{"rendered":"DEBRIEFING CL\u00cdNICO TALK"},"content":{"rendered":"<p>[et_pb_section fb_built=\u00bb1&#8243; _builder_version=\u00bb4.16&#8243; background_color=\u00bb#f7f7f7&#8243; custom_padding=\u00bb54px|0px|0|0px|false|false\u00bb global_colors_info=\u00bb{}\u00bb][et_pb_row _builder_version=\u00bb4.16&#8243; global_colors_info=\u00bb{}\u00bb][et_pb_column type=\u00bb4_4&#8243; _builder_version=\u00bb4.16&#8243; global_colors_info=\u00bb{}\u00bb custom_padding__hover=\u00bb|||\u00bb][et_pb_text _builder_version=\u00bb4.16&#8243; custom_padding=\u00bb||6px|||\u00bb global_colors_info=\u00bb{}\u00bb]<\/p>\n<h1 style=\"text-align: center;\"><span style=\"color: #666666;\"><span style=\"color: #231f20;\">DEBRIEFING CL\u00cdNICO<\/span> <span style=\"color: #a02c30;\"><strong>TALK <span style=\"color: #231f20;\"><b>\u00a9<\/b><\/span><\/strong><\/span><\/span><\/h1>\n<p><span style=\"color: #2a2d4c;\"><\/span><\/p>\n<p style=\"text-align: center;\"><span style=\"color: #a02c30;\">MODALIDAD:<strong> EN L\u00cdNEA SINCR\u00d3NICO\u00a0 |\u00a0 <\/strong>DURACI\u00d3N:<strong> 2 HORAS\u00a0 |\u00a0 <\/strong>INICIA:<strong> FECHAS DISPONIBLES, 2024<\/strong><\/span><\/p>\n<p>[\/et_pb_text][\/et_pb_column][\/et_pb_row][\/et_pb_section][et_pb_section fb_built=\u00bb1&#8243; _builder_version=\u00bb4.16&#8243; background_color=\u00bb#f7f7f7&#8243; custom_padding=\u00bb0|0px|50px|0px|false|false\u00bb global_colors_info=\u00bb{}\u00bb][et_pb_row column_structure=\u00bb3_5,2_5&#8243; _builder_version=\u00bb4.16&#8243; custom_padding=\u00bb||0px|||\u00bb global_colors_info=\u00bb{}\u00bb][et_pb_column type=\u00bb3_5&#8243; _builder_version=\u00bb4.16&#8243; global_colors_info=\u00bb{}\u00bb custom_padding__hover=\u00bb|||\u00bb][et_pb_text _builder_version=\u00bb4.16&#8243; global_colors_info=\u00bb{}\u00bb]<\/p>\n<h2><span style=\"color: #a02c30;\">DESCRIPCI\u00d3N<\/span><\/h2>\n<p><span style=\"color: #231f20;\"><span style=\"font-weight: 400;\">Nuestro impulso subyacente es promover la reflexi\u00f3n guiada dentro de los equipos como una forma de mejorar y mantener la seguridad del paciente, aumentar la eficiencia y contribuir a una cultura de apoyo de di\u00e1logo y aprendizaje en cualquier entorno cl\u00ednico<\/span><span style=\"font-weight: 400;\">.<\/span><\/span><\/p>\n<p style=\"padding-left: 40px;\"><strong style=\"color: #a02c30; font-size: small;\">Actitud constructiva<\/strong><span style=\"color: #a02c30; font-size: small;\"> y sin prejuicio.<br \/><\/span><strong style=\"color: #a02c30; font-size: small;\">Positividad<\/strong><span style=\"color: #a02c30; font-size: small;\">, destacando comportamientos positivos. Utilizando frases neutras y evitando comentarios negativos.<br \/><\/span><strong style=\"color: #a02c30; font-size: small;\">Comunicaci\u00f3n respetuosa<\/strong><span style=\"color: #a02c30; font-size: small;\">, valorando las aportaciones de todos.<br \/><\/span><strong style=\"color: #a02c30; font-size: small;\">Buscando soluciones aplicables<\/strong><span style=\"color: #a02c30; font-size: small;\">, en vez de culpables.<br \/><\/span><strong style=\"color: #a02c30; font-size: small;\">Paso a paso:<\/strong><span style=\"color: #a02c30; font-size: small;\"> identificando peque\u00f1os objetivos alcanzables y realizando un seguimiento.<\/span><\/p>\n<p style=\"padding-left: 80px;\"><span style=\"color: #a02c30;\"><\/span><\/p>\n<h2><span style=\"color: #a02c30;\"><\/span><\/h2>\n<h2><span style=\"color: #a02c30;\"><\/span><\/h2>\n<h2><span style=\"color: #a02c30;\"><\/span><\/h2>\n<h2><span style=\"color: #a02c30;\">OBJETIVOS DE APRENDIZAJE<\/span><\/h2>\n<p style=\"text-align: justify;\"><span style=\"font-weight: 400; color: #231f20;\">Al finalIzar este curso, los participantes podr\u00e1n:<\/span><\/p>\n<ul>\n<li><span style=\"font-weight: 400; color: #231f20;\">Definir <em>debriefing cl\u00ednico<\/em><\/span><\/li>\n<li><span style=\"font-weight: 400; color: #231f20;\">Recordar y aplicar la estructura TALK\u00a9<\/span><\/li>\n<li><span style=\"font-weight: 400; color: #231f20;\">Identificar oportunidades para el uso del <em>debriefing cl\u00ednico<\/em><\/span><\/li>\n<li><span style=\"font-weight: 400; color: #231f20;\">Identificar estrategias para dar seguimiento a las acciones clave acordadas<\/span><\/li>\n<\/ul>\n<h2><span style=\"color: #231f20;\"><\/span><\/h2>\n<p style=\"text-align: left;\"><span><\/span><\/p>\n<p>[\/et_pb_text][\/et_pb_column][et_pb_column type=\u00bb2_5&#8243; _builder_version=\u00bb4.16&#8243; global_colors_info=\u00bb{}\u00bb custom_padding__hover=\u00bb|||\u00bb][et_pb_image src=\u00bbhttps:\/\/dicim.facmed.unam.mx\/wp-content\/uploads\/2023\/09\/DICiM-Cartel-F-05-3.png\u00bb title_text=\u00bbDICiM &#8211; Cartel-F-05&#8243; align_tablet=\u00bbcenter\u00bb align_phone=\u00bbcenter\u00bb align_last_edited=\u00bbon|desktop\u00bb _builder_version=\u00bb4.22.1&#8243; global_colors_info=\u00bb{}\u00bb][\/et_pb_image][\/et_pb_column][\/et_pb_row][et_pb_row _builder_version=\u00bb4.22.1&#8243; _module_preset=\u00bbdefault\u00bb custom_margin=\u00bb|auto|30px|auto||\u00bb custom_padding=\u00bb30px||0px|||\u00bb global_colors_info=\u00bb{}\u00bb][et_pb_column type=\u00bb4_4&#8243; _builder_version=\u00bb4.22.1&#8243; _module_preset=\u00bbdefault\u00bb global_colors_info=\u00bb{}\u00bb][et_pb_text _builder_version=\u00bb4.23.4&#8243; _module_preset=\u00bbdefault\u00bb min_height=\u00bb248.6px\u00bb custom_margin=\u00bb||0px|||\u00bb custom_padding=\u00bb||28px|||\u00bb hover_enabled=\u00bb0&#8243; global_colors_info=\u00bb{}\u00bb sticky_enabled=\u00bb0&#8243;]<\/p>\n<h2><span style=\"color: #a02c30;\">TALK <b>\u00a9<\/b><\/span><span style=\"color: #a02c30;\"><\/span><\/h2>\n<p style=\"padding-left: 40px;\"><span style=\"color: #231f20;\"><strong>T:<\/strong> Target &#8211; <span style=\"color: #a02c30;\">Objetivo<\/span><br \/><strong>A:<\/strong> Analyisis &#8211; <span style=\"color: #a02c30;\">An\u00e1lisis<\/span><br \/><strong>L:<\/strong> Learning points &#8211; <span style=\"color: #a02c30;\">Puntos de aprendizaje<\/span><br \/><strong>K:<\/strong> Key actions &#8211; <span style=\"color: #a02c30;\">Acciones clave<\/span><\/span><\/p>\n<h2><span style=\"color: #a02c30;\"><\/span><\/h2>\n<h2><span style=\"color: #a02c30;\">DIRIGIDO A<\/span><span style=\"color: #a02c30;\"><\/span><\/h2>\n<p><span style=\"color: #231f20;\">Profesionales de la salud con inter\u00e9s en aprender <strong><em>debriefing<\/em> cl\u00ednico<\/strong><\/span><span style=\"color: #a02c30;\"><\/span><\/p>\n<h2><span style=\"color: #a02c30;\"><\/span><\/h2>\n<h2><span style=\"color: #a02c30;\">COSTO<\/span><span style=\"color: #a02c30;\"><\/span><\/h2>\n<p><strong><span style=\"color: #231f20;\">GRATUITO <\/span><\/strong><span style=\"color: #231f20;\">(cupo limitado)<\/span><\/p>\n<h2><span style=\"color: #a02c30;\"><\/span><\/h2>\n<h2><span style=\"color: #a02c30;\">PR\u00d3XIMAS FECHAS Y HORARIOS<\/span><span style=\"color: #a02c30;\"><\/span><\/h2>\n<table border=\"1\" style=\"border-collapse: collapse; width: 85.666%; height: 192px;\">\n<tbody>\n<tr style=\"height: 24px;\">\n<td style=\"width: 16.6667%; height: 24px;\"><span style=\"color: #a02c30;\"><strong>Enero, 2024<\/strong><\/span><\/td>\n<td style=\"width: 16.6667%; height: 24px;\">Horario<\/td>\n<td style=\"width: 16.6667%; height: 24px;\"><span style=\"color: #a02c30;\"><strong>Febrero, 2024<\/strong><\/span><\/td>\n<td style=\"width: 16.6667%; height: 24px;\">Horario<\/td>\n<\/tr>\n<tr style=\"height: 24px;\">\n<td style=\"width: 16.6667%; height: 24px;\">Jueves 11<\/td>\n<td style=\"width: 16.6667%; height: 24px;\">10:00 &#8211; 12:00 h<\/td>\n<td style=\"width: 16.6667%; height: 24px;\">Jueves 01<\/td>\n<td style=\"width: 16.6667%; height: 24px;\">10:00 &#8211; 12:00 h<\/td>\n<\/tr>\n<tr style=\"height: 24px;\">\n<td style=\"width: 16.6667%; height: 24px;\">Viernes 12<\/td>\n<td style=\"width: 16.6667%; height: 24px;\">16:00 &#8211; 18:00 h<\/td>\n<td style=\"width: 16.6667%; height: 24px;\">Viernes 02<\/td>\n<td style=\"width: 16.6667%; height: 24px;\">16:00 &#8211; 18:00 h<\/td>\n<\/tr>\n<tr style=\"height: 24px;\">\n<td style=\"width: 16.6667%; height: 24px;\">Martes 16<\/td>\n<td style=\"width: 16.6667%; height: 24px;\">11:00 &#8211; 13:00 h<\/td>\n<td style=\"width: 16.6667%; height: 24px;\">Martes 13<\/td>\n<td style=\"width: 16.6667%; height: 24px;\">11:00 &#8211; 13:00 h<\/td>\n<\/tr>\n<tr style=\"height: 24px;\">\n<td style=\"width: 16.6667%; height: 24px;\">Mi\u00e9rcoles 17<\/td>\n<td style=\"width: 16.6667%; height: 24px;\">15:00 &#8211; 17:00 h<\/td>\n<td style=\"width: 16.6667%; height: 24px;\">Mi\u00e9rcoles 14<\/td>\n<td style=\"width: 16.6667%; height: 24px;\">15:00 &#8211; 17:00 h<\/td>\n<\/tr>\n<tr style=\"height: 24px;\">\n<td style=\"width: 16.6667%; height: 24px;\">Jueves 18<\/td>\n<td style=\"width: 16.6667%; height: 24px;\">10:00 &#8211; 12:00 h<\/td>\n<td style=\"width: 16.6667%; height: 24px;\">Jueves 15<\/td>\n<td style=\"width: 16.6667%; height: 24px;\">10:00 &#8211; 12:00 h<\/td>\n<\/tr>\n<tr style=\"height: 24px;\">\n<td style=\"width: 16.6667%; height: 24px;\">Viernes 26<\/td>\n<td style=\"width: 16.6667%; height: 24px;\">16:00 &#8211; 18:00 h<\/td>\n<td style=\"width: 16.6667%; height: 24px;\">Viernes 16<\/td>\n<td style=\"width: 16.6667%; height: 24px;\">16:00 &#8211; 18:00 h<\/td>\n<\/tr>\n<tr style=\"height: 24px;\">\n<td style=\"width: 16.6667%; height: 24px;\">Martes 30<\/td>\n<td style=\"width: 16.6667%; height: 24px;\">11:00 &#8211; 13:00 h<\/td>\n<td style=\"width: 16.6667%; height: 24px;\"><\/td>\n<td style=\"width: 16.6667%; height: 24px;\"><\/td>\n<\/tr>\n<tr>\n<td style=\"width: 16.6667%;\">Mi\u00e9rcoles 31<\/td>\n<td style=\"width: 16.6667%;\">15:00 &#8211; 17:00 h<\/td>\n<td style=\"width: 16.6667%;\"><\/td>\n<td style=\"width: 16.6667%;\"><\/td>\n<\/tr>\n<\/tbody>\n<\/table>\n<h2><span style=\"color: #a02c30;\"><\/span><\/h2>\n<h2><span style=\"color: #a02c30;\">INGRESA AL CURSO<\/span><span style=\"color: #a02c30;\"><\/span><\/h2>\n<p><span style=\"color: #231f20;\">Para ingresar al curso siga estos sencillos pasos:<\/span><span style=\"color: #231f20;\"><\/span><\/p>\n<ol>\n<li><span style=\"color: #231f20;\">Da clic en el bot\u00f3n <span style=\"color: #a02c30;\"><strong>INGRESA AL CURSO<\/strong><\/span> que se encuentra en la parte inferior.<\/span><\/li>\n<li><span style=\"color: #231f20;\">Reg\u00edstrate como nuevo usuario, en caso de que ya tenga una cuenta, ingresa con los datos que tienes o recupera tu contrase\u00f1a al ingresar su correo.<br \/><span style=\"color: #666666; font-size: small;\">* Te sugerimos que tu usuario sea tu CURP hasta la fecha de nacimiento (en min\u00fasculas), por ejemplo: L\u00f3pez Medina Jos\u00e9: lomj890516. Y tu contrase\u00f1a la misma agregando un signo de + y la letra D, por ejemplo: lomj890516+D. <\/span><\/span><span style=\"color: #231f20; font-size: small;\"><span style=\"color: #666666;\">** Si presentas alguna dificultad o no te llega tu correo de confirmaci\u00f3n comun\u00edcate con nosotros a:<\/span>\u00a0<span style=\"color: #a02c30;\"><a href=\"mailto:dicim@facmed.unam.mx\" target=\"_blank\" rel=\"noopener\" style=\"color: #a02c30;\">dicim@facmed.unam.mx<\/a><\/span><\/span><\/li>\n<li><span style=\"font-size: 14px; color: #231f20;\">Selecciona \u00abIntegraci\u00f3n de Ciencias M\u00e9dicas\u00bb<\/span><\/li>\n<li><span style=\"font-size: 14px; color: #231f20;\">Busca el <span style=\"color: #a02c30;\">Curso Debriefing TALK<\/span><b>\u00a9 <\/b>e inscr\u00edbete. <\/span><strong style=\"color: #a02c30; font-size: 14px;\">\u00a1Listo!<\/strong><\/li>\n<\/ol>\n<p>[\/et_pb_text][et_pb_button button_url=\u00bbhttp:\/\/paginas.facmed.unam.mx\/moodle\/login\/index.php\u00bb url_new_window=\u00bbon\u00bb button_text=\u00bbINGRESA AL CURSO\u00bb _builder_version=\u00bb4.22.1&#8243; custom_button=\u00bbon\u00bb button_text_size=\u00bb17px\u00bb button_text_color=\u00bb#FFFFFF\u00bb button_bg_color=\u00bb#a02c30&#8243; button_border_width=\u00bb1px\u00bb button_border_color=\u00bb#a02c30&#8243; button_font=\u00bb||||||||\u00bb custom_margin=\u00bb1px|||||\u00bb custom_padding=\u00bb5px||3px|||\u00bb global_colors_info=\u00bb{}\u00bb][\/et_pb_button][\/et_pb_column][\/et_pb_row][\/et_pb_section]<\/p>\n","protected":false},"excerpt":{"rendered":"<p>DEBRIEFING CL\u00cdNICO TALK \u00a9 MODALIDAD: EN L\u00cdNEA SINCR\u00d3NICO\u00a0 |\u00a0 DURACI\u00d3N: 2 HORAS\u00a0 |\u00a0 INICIA: FECHAS DISPONIBLES, 2024DESCRIPCI\u00d3N Nuestro impulso subyacente es promover la reflexi\u00f3n guiada dentro de los equipos como una forma de mejorar y mantener la seguridad del paciente, aumentar la eficiencia y contribuir a una cultura de apoyo de di\u00e1logo y aprendizaje en [&hellip;]<\/p>\n","protected":false},"author":3,"featured_media":0,"parent":0,"menu_order":0,"comment_status":"closed","ping_status":"closed","template":"","meta":{"_et_pb_use_builder":"on","_et_pb_old_content":"","_et_gb_content_width":"","footnotes":""},"class_list":["post-8532","page","type-page","status-publish","hentry"],"jetpack_sharing_enabled":true,"jetpack_shortlink":"https:\/\/wp.me\/PaRPU8-2dC","_links":{"self":[{"href":"https:\/\/dicim.facmed.unam.mx\/index.php\/wp-json\/wp\/v2\/pages\/8532","targetHints":{"allow":["GET"]}}],"collection":[{"href":"https:\/\/dicim.facmed.unam.mx\/index.php\/wp-json\/wp\/v2\/pages"}],"about":[{"href":"https:\/\/dicim.facmed.unam.mx\/index.php\/wp-json\/wp\/v2\/types\/page"}],"author":[{"embeddable":true,"href":"https:\/\/dicim.facmed.unam.mx\/index.php\/wp-json\/wp\/v2\/users\/3"}],"replies":[{"embeddable":true,"href":"https:\/\/dicim.facmed.unam.mx\/index.php\/wp-json\/wp\/v2\/comments?post=8532"}],"version-history":[{"count":23,"href":"https:\/\/dicim.facmed.unam.mx\/index.php\/wp-json\/wp\/v2\/pages\/8532\/revisions"}],"predecessor-version":[{"id":8905,"href":"https:\/\/dicim.facmed.unam.mx\/index.php\/wp-json\/wp\/v2\/pages\/8532\/revisions\/8905"}],"wp:attachment":[{"href":"https:\/\/dicim.facmed.unam.mx\/index.php\/wp-json\/wp\/v2\/media?parent=8532"}],"curies":[{"name":"wp","href":"https:\/\/api.w.org\/{rel}","templated":true}]}}