{"id":6147,"date":"2022-05-24T18:03:45","date_gmt":"2022-05-24T18:03:45","guid":{"rendered":"https:\/\/dicim.facmed.unam.mx\/?page_id=6147"},"modified":"2022-05-24T18:03:45","modified_gmt":"2022-05-24T18:03:45","slug":"mision-vision","status":"publish","type":"page","link":"https:\/\/dicim.facmed.unam.mx\/index.php\/mision-vision\/","title":{"rendered":"MISI\u00d3N &#8211; VISI\u00d3N"},"content":{"rendered":"<p>[et_pb_section fb_built=\u00bb1&#8243; _builder_version=\u00bb3.22.3&#8243; custom_padding=\u00bb50px|0px|0|0px|false|false\u00bb][et_pb_row _builder_version=\u00bb3.25&#8243;][et_pb_column type=\u00bb4_4&#8243; _builder_version=\u00bb3.25&#8243; custom_padding__hover=\u00bb|||\u00bb][et_pb_text _builder_version=\u00bb3.27.4&#8243;]<\/p>\n<h1 style=\"text-align: center;\">DICiM \u2013 CECAM<\/h1>\n<p style=\"text-align: center;\">MISI\u00d3N \u2013 VISI\u00d3N<\/p>\n<p>[\/et_pb_text][\/et_pb_column][\/et_pb_row][\/et_pb_section][et_pb_section fb_built=\u00bb1&#8243; _builder_version=\u00bb3.22.3&#8243; custom_padding=\u00bb0|0px|0|0px|false|false\u00bb][et_pb_row custom_padding=\u00bb||50px|||\u00bb _builder_version=\u00bb3.22.7&#8243;][et_pb_column type=\u00bb1_4&#8243; _builder_version=\u00bb3.22.7&#8243;][et_pb_image src=\u00bbhttps:\/\/dicim.facmed.unam.mx\/wp-content\/uploads\/2022\/05\/DICiM-Web_MV-02.png\u00bb _builder_version=\u00bb3.22.7&#8243;][\/et_pb_image][\/et_pb_column][et_pb_column type=\u00bb3_4&#8243; _builder_version=\u00bb3.22.7&#8243;][et_pb_text _builder_version=\u00bb4.7.4&#8243; text_font=\u00bb||||||||\u00bb header_font=\u00bb||||||||\u00bb header_2_font=\u00bb||||||||\u00bb header_3_font=\u00bb||||||||\u00bb header_4_font=\u00bb||||||||\u00bb header_5_font=\u00bb||||||||\u00bb header_5_line_height=\u00bb1.5em\u00bb custom_padding=\u00bb49px|||||\u00bb]<\/p>\n<p class=\"p1\" style=\"text-align: justify;\"><strong>MISI\u00d3N<\/strong><\/p>\n<p class=\"p1\" style=\"text-align: justify;\"><span>El DICiM es un departamento acad\u00e9mico que contribuye en la formaci\u00f3n de profesionales de la salud, vinculando la docencia, la investigaci\u00f3n\u00a0<\/span><span>y<\/span><span>\u00a0la tecnolog\u00eda a trav\u00e9s de herramientas did\u00e1cticas para la adquisici\u00f3n de competencias profesionales, capacitando\u00a0<\/span><span>y<\/span><span>\u00a0certificando estudiantes de pregrado\u00a0<\/span><span>y<\/span><span>\u00a0posgrado en el \u00e1rea de la salud e instancia educativas hospitalarias dedicadas al desarrollo de actividades educativas\u00a0<\/span><span>y<\/span><span>\u00a0cl\u00ednicas, para el\u00a0 beneficio de la sociedad mexicana.<\/span><span class=\"s1\"><\/span><\/p>\n<p class=\"p1\" style=\"text-align: justify;\"><span class=\"s1\"><\/span><\/p>\n<p class=\"p3\" style=\"text-align: justify;\">\n<p class=\"p3\" style=\"text-align: justify;\"><span><\/span><\/p>\n<p class=\"p3\" style=\"text-align: justify;\"><span><\/span><\/p>\n<p class=\"p3\" style=\"text-align: justify;\"><strong>VISI\u00d3N<\/strong><\/p>\n<p class=\"p3\" style=\"text-align: justify;\"><span>Consolidarse como un departamento de alta calidad acad\u00e9mica, contribuyendo significativamente en la mejora de la educaci\u00f3n m\u00e9dica, al servicio de la salud\u00a0<\/span><span>y<\/span><span>\u00a0la sociedad<\/span>.<\/p>\n<p>&nbsp;<\/p>\n<p>[\/et_pb_text][\/et_pb_column][\/et_pb_row][\/et_pb_section]<\/p>\n","protected":false},"excerpt":{"rendered":"<p>DICiM \u2013 CECAM MISI\u00d3N \u2013 VISI\u00d3NMISI\u00d3N El DICiM es un departamento acad\u00e9mico que contribuye en la formaci\u00f3n de profesionales de la salud, vinculando la docencia, la investigaci\u00f3n\u00a0y\u00a0la tecnolog\u00eda a trav\u00e9s de herramientas did\u00e1cticas para la adquisici\u00f3n de competencias profesionales, capacitando\u00a0y\u00a0certificando estudiantes de pregrado\u00a0y\u00a0posgrado en el \u00e1rea de la salud e instancia educativas hospitalarias dedicadas al [&hellip;]<\/p>\n","protected":false},"author":3,"featured_media":0,"parent":0,"menu_order":0,"comment_status":"closed","ping_status":"closed","template":"","meta":{"_et_pb_use_builder":"on","_et_pb_old_content":"","_et_gb_content_width":"","jetpack_post_was_ever_published":false,"footnotes":""},"class_list":["post-6147","page","type-page","status-publish","hentry"],"jetpack_sharing_enabled":true,"jetpack_shortlink":"https:\/\/wp.me\/PaRPU8-1B9","_links":{"self":[{"href":"https:\/\/dicim.facmed.unam.mx\/index.php\/wp-json\/wp\/v2\/pages\/6147","targetHints":{"allow":["GET"]}}],"collection":[{"href":"https:\/\/dicim.facmed.unam.mx\/index.php\/wp-json\/wp\/v2\/pages"}],"about":[{"href":"https:\/\/dicim.facmed.unam.mx\/index.php\/wp-json\/wp\/v2\/types\/page"}],"author":[{"embeddable":true,"href":"https:\/\/dicim.facmed.unam.mx\/index.php\/wp-json\/wp\/v2\/users\/3"}],"replies":[{"embeddable":true,"href":"https:\/\/dicim.facmed.unam.mx\/index.php\/wp-json\/wp\/v2\/comments?post=6147"}],"version-history":[{"count":6,"href":"https:\/\/dicim.facmed.unam.mx\/index.php\/wp-json\/wp\/v2\/pages\/6147\/revisions"}],"predecessor-version":[{"id":6157,"href":"https:\/\/dicim.facmed.unam.mx\/index.php\/wp-json\/wp\/v2\/pages\/6147\/revisions\/6157"}],"wp:attachment":[{"href":"https:\/\/dicim.facmed.unam.mx\/index.php\/wp-json\/wp\/v2\/media?parent=6147"}],"curies":[{"name":"wp","href":"https:\/\/api.w.org\/{rel}","templated":true}]}}