{"id":2352,"date":"2020-01-15T17:29:00","date_gmt":"2020-01-15T17:29:00","guid":{"rendered":"https:\/\/dicim.facmed.unam.mx\/?page_id=2352"},"modified":"2025-06-19T23:25:38","modified_gmt":"2025-06-19T23:25:38","slug":"parab","status":"publish","type":"page","link":"https:\/\/dicim.facmed.unam.mx\/index.php\/parab\/","title":{"rendered":"PARAB"},"content":{"rendered":"<p>[et_pb_section fb_built=\u00bb1&#8243; _builder_version=\u00bb4.27.4&#8243; background_color=\u00bb#f9f9f9&#8243; custom_padding=\u00bb50px|0px|0|0px|false|false\u00bb global_colors_info=\u00bb{}\u00bb][et_pb_row _builder_version=\u00bb4.16&#8243; custom_padding=\u00bb30px||3px|||\u00bb global_colors_info=\u00bb{}\u00bb][et_pb_column type=\u00bb4_4&#8243; _builder_version=\u00bb4.16&#8243; global_colors_info=\u00bb{}\u00bb custom_padding__hover=\u00bb|||\u00bb][et_pb_text _builder_version=\u00bb4.27.4&#8243; hover_enabled=\u00bb0&#8243; global_colors_info=\u00bb{}\u00bb sticky_enabled=\u00bb0&#8243; animation_style=\u00bbbounce\u00bb animation_direction=\u00bbleft\u00bb]<\/p>\n<h1 style=\"text-align: left;\"><span style=\"color: #276bff;\"><strong>CURSOS<\/strong> <strong>PARAB<\/strong> | DICiM \u2013 CECAM<\/span><\/h1>\n<p style=\"text-align: left;\"><span style=\"color: #15213f;\">CURSOS DEL PROGRAMA AYUDANDO A RESPIRAR A LOS BEB\u00c9S (PARAB) &#8211; M\u00c9XICO<\/span><\/p>\n<h6 style=\"text-align: center;\"><\/h6>\n<p>[\/et_pb_text][\/et_pb_column][\/et_pb_row][\/et_pb_section][et_pb_section fb_built=\u00bb1&#8243; _builder_version=\u00bb4.27.4&#8243; background_color=\u00bb#f9f9f9&#8243; custom_padding=\u00bb50px|0px|50px|0px|false|false\u00bb global_colors_info=\u00bb{}\u00bb][et_pb_row column_structure=\u00bb3_5,2_5&#8243; _builder_version=\u00bb4.16&#8243; global_colors_info=\u00bb{}\u00bb][et_pb_column type=\u00bb3_5&#8243; _builder_version=\u00bb4.16&#8243; global_colors_info=\u00bb{}\u00bb custom_padding__hover=\u00bb|||\u00bb][et_pb_text _builder_version=\u00bb4.27.4&#8243; hover_enabled=\u00bb0&#8243; global_colors_info=\u00bb{}\u00bb animation_style=\u00bbbounce\u00bb animation_direction=\u00bbbottom\u00bb sticky_enabled=\u00bb0&#8243;]<\/p>\n<h2 style=\"text-align: justify;\"><span style=\"color: #3366ff;\">INTRODUCCI\u00d3N<\/span><\/h2>\n<p style=\"text-align: justify;\">E<span style=\"font-weight: 400;\">l DICiM \u2013 <span style=\"color: #3366ff;\">CECAM<\/span> de la Facultad de Medicina de la UNAM, es un Centro Certificado de Entrenamiento del programa <span style=\"color: #3366ff;\">AYUDANDO A RESPIRAR A LOS BEB\u00c9S (PARAB).<\/span><\/span><\/p>\n<p style=\"text-align: justify;\"><span style=\"font-weight: 400;\"><span style=\"color: #3366ff;\"><\/span><\/span><\/p>\n<h2><span style=\"color: #3366ff;\">OBJETIVO<\/span><\/h2>\n<p style=\"text-align: justify;\">Ense\u00f1ar la atenci\u00f3n del reci\u00e9n nacido al momento del nacimiento a todo aquel proveedor capacitado en la atenci\u00f3n del parto; basada en la preparaci\u00f3n de un <span style=\"color: #3366ff;\">PLAN DE ACCI\u00d3N<\/span> y en el <span style=\"color: #3366ff;\">ALGORITMO<\/span> para el manejo de diferentes casos.<\/p>\n<h2 style=\"text-align: justify;\"><span style=\"color: #3366ff;\">DIRIGIDO A<\/span><\/h2>\n<p style=\"text-align: justify;\">P\u00fablico en <span style=\"color: #3366ff;\">GENERAL.<\/span><\/p>\n<p style=\"text-align: justify;\"><span style=\"color: #3366ff;\"><\/span><\/p>\n<h2 style=\"text-align: justify;\"><span style=\"color: #3366ff;\">PR\u00d3XIMAS FECHAS | HORARIOS<\/span><\/h2>\n<p><span style=\"color: #3366ff;\"><strong>24, 25 de junio, 2025<\/strong><\/span><\/p>\n<p>HORARIO: <strong>08:00 &#8211; 12:00 h<\/strong> <strong>|<\/strong> <strong>CUPO LIMITADO<\/strong><strong><\/strong><\/p>\n<p><strong><\/strong><\/p>\n<p>[\/et_pb_text][\/et_pb_column][et_pb_column type=\u00bb2_5&#8243; _builder_version=\u00bb4.16&#8243; global_colors_info=\u00bb{}\u00bb custom_padding__hover=\u00bb|||\u00bb][et_pb_image src=\u00bbhttps:\/\/dicim.facmed.unam.mx\/wp-content\/uploads\/2025\/05\/DICiM-Cartel-B_03-1-scaled.png\u00bb title_text=\u00bbDICiM &#8211; Cartel-B_03&#8243; align_tablet=\u00bbcenter\u00bb align_phone=\u00bbcenter\u00bb align_last_edited=\u00bbon|desktop\u00bb _builder_version=\u00bb4.27.4&#8243; animation_style=\u00bbbounce\u00bb animation_direction=\u00bbbottom\u00bb animation_duration=\u00bb700ms\u00bb global_colors_info=\u00bb{}\u00bb][\/et_pb_image][\/et_pb_column][\/et_pb_row][et_pb_row _builder_version=\u00bb4.16&#8243; custom_padding=\u00bb||0px|||\u00bb global_colors_info=\u00bb{}\u00bb][et_pb_column type=\u00bb4_4&#8243; _builder_version=\u00bb4.16&#8243; custom_padding=\u00bb|||\u00bb global_colors_info=\u00bb{}\u00bb custom_padding__hover=\u00bb|||\u00bb][et_pb_text _builder_version=\u00bb4.27.4&#8243; custom_padding=\u00bb||2px|||\u00bb global_colors_info=\u00bb{}\u00bb]<\/p>\n<h2><span style=\"color: #15213f;\">PARA INSCRIBIRTE A LOS <span style=\"color: #3366ff;\"><strong>CURSOS PARAB<\/strong><\/span> SIGUE LOS SIGUIENTES PASOS:<\/span><\/h2>\n<p>[\/et_pb_text][\/et_pb_column][\/et_pb_row][et_pb_row _builder_version=\u00bb4.16&#8243; custom_padding=\u00bb20px|||||\u00bb global_colors_info=\u00bb{}\u00bb][et_pb_column type=\u00bb4_4&#8243; _builder_version=\u00bb4.16&#8243; custom_padding=\u00bb|||\u00bb global_colors_info=\u00bb{}\u00bb custom_padding__hover=\u00bb|||\u00bb][et_pb_accordion open_toggle_text_color=\u00bb#15213f\u00bb closed_toggle_text_color=\u00bb#ffffff\u00bb closed_toggle_background_color=\u00bb#15213f\u00bb icon_color=\u00bb#3874ff\u00bb _builder_version=\u00bb4.27.4&#8243; toggle_font=\u00bb|600|||||||\u00bb toggle_line_height=\u00bb1.5em\u00bb body_font=\u00bb||||||||\u00bb global_colors_info=\u00bb{}\u00bb][et_pb_accordion_item title=\u00bbPASO 1. REGISTRO DE PAGO\u00bb open=\u00bbon\u00bb _builder_version=\u00bb4.27.4&#8243; global_colors_info=\u00bb{}\u00bb]<\/p>\n<p style=\"text-align: justify;\"><span style=\"font-weight: 400;\"><strong><span style=\"color: #3366ff;\">A.<\/span><\/strong> El costo del curso es de <strong><span style=\"color: #3366ff;\">$250.00 (doscientos cincuenta pesos mxn)<\/span><\/strong> que se deben pagar en las <span style=\"color: #3366ff;\">CAJAS DEL \u00c1REA ADMINISTRATIVA<\/span> del Departamento de Ingresos y Egresos, ubicadas en el 2\u00ba piso del edificio A de la Facultad de Medicina, UNAM, Ciudad Universitaria. <span style=\"color: #3366ff;\">EN UN HORARIO DE 09:00 a 18:30 h<\/span><\/span><\/p>\n<p style=\"text-align: justify;\"><span style=\"font-weight: 400;\"><span style=\"color: #3366ff;\">EL PAGO ES EN UNA SOLA EXHIBICI\u00d3N | <\/span><span>Aqu\u00ed puedes descargar el:<\/span><span style=\"color: #3366ff;\">\u00a0<span style=\"text-decoration: underline;\"><strong><a href=\"https:\/\/dicim.facmed.unam.mx\/wp-content\/uploads\/2025\/05\/SOLICITUD-DE-PAGO_C.PARAB_.pdf\" target=\"_blank\" rel=\"noopener noreferrer\" style=\"color: #3366ff; text-decoration: underline;\">TAL\u00d3N DE PAGO.<\/a><\/strong><\/span><\/span><\/span><span style=\"font-weight: 400;\"><span style=\"color: #3366ff;\"><span>\u00a0SI PRESENTAS PROBLEMAS CON EL PAGO COMUN\u00cdCATE A: <span style=\"text-decoration: underline;\"><span style=\"color: #3366ff;\"><a href=\"mailto:dicim.administracion@facmed.unam.mx\" style=\"color: #3366ff; text-decoration: underline;\">dicim.administracion@facmed.unam.mx\u00a0<\/a><\/span><\/span><\/span><\/span><\/span><\/p>\n<p style=\"text-align: justify;\"><span style=\"font-weight: 400;\"><span style=\"color: #3366ff;\"><strong>B.<\/strong><\/span> Guarda tu comprobante en formato <span style=\"color: #3366ff;\">PDF<\/span> de la siguiente manera:\u00a0<\/span><span style=\"font-weight: 400;\"><span style=\"color: #15213f;\">PARAB_ApellidoPaterno_ApellidoMaterno_Nombre(s)<\/span><br \/><span style=\"color: #3366ff;\">POR EJEMPLO:<\/span>\u00a0<\/span><span style=\"font-weight: 400; color: #15213f;\">PARAB_P\u00e9rez_Ju\u00e1rez_JuanPablo.pdf<\/span><\/p>\n<p>[\/et_pb_accordion_item][et_pb_accordion_item title=\u00bbPASO 2. REGISTRO DE CURSO\u00bb _builder_version=\u00bb4.27.4&#8243; global_colors_info=\u00bb{}\u00bb open=\u00bboff\u00bb]<\/p>\n<p><span style=\"font-weight: 400;\"><span style=\"color: #3366ff;\"><strong>A.<\/strong><\/span> Para confirmar y asistir al <span style=\"color: #3366ff;\">CURSO PARAB<\/span> debes enviar un correo a: <span style=\"text-decoration: underline;\"><span style=\"color: #3366ff;\"><a href=\"mailto:dicim@facmed.unam.mx\" style=\"color: #3366ff; text-decoration: underline;\">dicim@facmed.unam.mx<\/a><\/span><\/span>\u00a0con:<\/span><\/p>\n<ol>\n<li><span style=\"font-weight: 400;\"> Nombre completo (escrito correctamente)<\/span><\/li>\n<li><span style=\"font-weight: 400;\"> Correo electr\u00f3nico\u00a0<\/span><\/li>\n<li><span style=\"font-weight: 400;\"> Tel\u00e9fono\/ Celular<\/span><\/li>\n<li><span style=\"font-weight: 400;\"> CURP<\/span><\/li>\n<li><span style=\"font-weight: 400;\"> Ocupaci\u00f3n<\/span><\/li>\n<li><span style=\"font-weight: 400;\"> Fecha que eliges para el curso<span style=\"color: #3366ff;\">*<\/span><\/span><\/li>\n<\/ol>\n<p><span style=\"font-weight: 400; color: #3366ff;\">*Debes tomar en cuenta que puedes realizar el curso en <strong>10 d\u00edas naturales<\/strong> a partir del env\u00edo del correo, con tu comprobante.<br \/><\/span><span style=\"font-weight: 400; color: #3366ff;\">**La reprogramaci\u00f3n sin costo aplica s\u00f3lo por causas de fuerza mayor con comprobante.<\/span><\/p>\n<p><span style=\"font-weight: 400;\"><\/span><\/p>\n<p><span style=\"font-weight: 400;\"><span style=\"color: #3366ff;\"><strong>B.<\/strong><\/span> Adjunta en el correo tu comprobante de pago en formato <span style=\"color: #3366ff;\">PDF<\/span> guardado de la siguiente forma: PARAB_ApellidoPaterno_ApellidoMaterno_Nombre(s)<br \/><span style=\"color: #3366ff;\">POR EJEMPLO:<\/span>\u00a0<\/span><span style=\"font-weight: 400;\">PARAB_P\u00e9rez_Ju\u00e1rez_JuanPablo.pdf junto con la informaci\u00f3n descrita anteriormente por lo menos <span style=\"color: #3366ff;\">24 a 72 h antes de la fecha que elijas, recibir\u00e1s un correo de confirmaci\u00f3n para poder presentarte<\/span><\/span><span style=\"font-size: 14px;\">\u00a0(excepto en periodo vacacional administrativo que no hay respuesta), con la confirmaci\u00f3n de la fecha (siempre y cuando se tengan lugares disponibles).<\/span><\/p>\n<p><span style=\"font-weight: 400; color: #3366ff;\">VERIFICA LOS DATOS ENVIADOS, YA QUE SER\u00c1N EL PRINCIPAL MEDIO DE COMUNICACI\u00d3N CONTIGO.<\/span><\/p>\n<p>[\/et_pb_accordion_item][et_pb_accordion_item title=\u00bbPASO 3. DESCARGA TU MANUAL\u00bb _builder_version=\u00bb4.16&#8243; global_colors_info=\u00bb{}\u00bb open=\u00bboff\u00bb]<\/p>\n<p><span style=\"color: #3366ff;\"><strong>A.<\/strong><\/span> Aqu\u00ed puedes descargar el manual: <span style=\"text-decoration: underline;\"><strong><span style=\"color: #3366ff;\"><a href=\"https:\/\/dicim.facmed.unam.mx\/wp-content\/uploads\/2020\/03\/Gui%CC%81a-del-Proovedor-PARAB.-2ed.pdf\" target=\"_blank\" rel=\"noopener noreferrer\" style=\"color: #3366ff; text-decoration: underline;\">GU\u00cdA PARA EL PROVEEDOR (PARAB)<\/a><\/span><\/strong><\/span><\/p>\n<p>[\/et_pb_accordion_item][et_pb_accordion_item title=\u00bbPASO 4. \u00bfD\u00d3NDE SE IMPARTE EL CURSO?\u00bb _builder_version=\u00bb4.16&#8243; global_colors_info=\u00bb{}\u00bb open=\u00bboff\u00bb]<\/p>\n<p style=\"text-align: justify;\"><span style=\"font-weight: 400;\"><span style=\"color: #3366ff;\"><strong>A.<\/strong><\/span> Se imparte en el <span style=\"color: #3366ff;\">CENTRO DE ENSE\u00d1ANZA Y CERTIFICACI\u00d3N DE APTITUDES M\u00c9DICAS, CECAM<\/span>.<br \/>Ubicado en el <strong>5\u00ba piso del edificio A de la Facultad de Medicina<\/strong>, UNAM, en Ciudad Universitaria, Ciudad de M\u00e9xico.<\/span><\/p>\n<p style=\"text-align: justify;\"><span style=\"font-weight: 400;\"><span style=\"color: #3366ff;\">UBICACI\u00d3N:<\/span>\u00a0<a href=\"https:\/\/goo.gl\/maps\/hKQHoDTbtsVPJfJo9\">https:\/\/goo.gl\/maps\/hKQHoDTbtsVPJfJo9<\/a><\/span><\/p>\n<p style=\"text-align: justify;\"><span style=\"font-weight: 400;\"><\/span><\/p>\n<p><span style=\"font-weight: 400; color: #3366ff;\"><img loading=\"lazy\" decoding=\"async\" src=\"https:\/\/dicim.facmed.unam.mx\/wp-content\/uploads\/2023\/03\/CECAM_01.png\" width=\"700\" height=\"600\" alt=\"\" class=\"wp-image-7499 alignnone size-medium\" style=\"display: block; margin-left: auto; margin-right: auto;\" \/><\/span><\/p>\n<p>[\/et_pb_accordion_item][et_pb_accordion_item title=\u00bbPASO 5. \u00bfCU\u00c1NTO DURA EL CURSO?\u00bb _builder_version=\u00bb4.27.4&#8243; global_colors_info=\u00bb{}\u00bb open=\u00bboff\u00bb]<\/p>\n<p style=\"text-align: justify;\"><span style=\"font-weight: 400;\"><span style=\"color: #3366ff;\"><strong>A.<\/strong> CURSO PARAB:<\/span> tiene una duraci\u00f3n de<span style=\"color: #3366ff;\"><strong> 04 horas.<\/strong>\u00a0<\/span><\/span><\/p>\n<p style=\"text-align: justify;\"><span style=\"font-weight: 400;\"><\/span><\/p>\n<p style=\"text-align: justify;\"><span style=\"font-weight: 400;\"><strong><span style=\"color: #3366ff;\">B. <\/span><\/strong><\/span><span style=\"font-weight: 400; color: #3366ff;\">RECOMENDACIONES GENERALES: <\/span><span style=\"font-weight: 400;\">debes acudir con ropa c\u00f3moda y 2 pares de guantes de nitrilo.<\/span><span style=\"color: #3366ff;\"><span style=\"font-weight: 400;\"><\/span><\/span><\/p>\n<p>[\/et_pb_accordion_item][et_pb_accordion_item title=\u00bbPASO 6. ACREDITACI\u00d3N O REPROGRAMACI\u00d3N\u00bb _builder_version=\u00bb4.27.4&#8243; global_colors_info=\u00bb{}\u00bb open=\u00bboff\u00bb]<\/p>\n<p style=\"text-align: justify;\"><span style=\"font-weight: 400;\"><span style=\"color: #3366ff;\"><strong>A.<\/strong><\/span> Durante el curso pondr\u00e1s en pr\u00e1ctica lo aprendido en el manual, se realizar\u00e1 un <span style=\"color: #3366ff;\">EXAMEN TE\u00d3RICO<\/span> el cual debes acreditar con <span style=\"color: #3366ff;\"><strong>8.0 (ocho)<\/strong><\/span> y un <span style=\"color: #3366ff;\">EXAMEN PR\u00c1CTICO<\/span> que debe ser acreditado con <strong><span style=\"color: #3366ff;\">10.0 (diez)<\/span><\/strong>.<\/span><\/p>\n<p style=\"text-align: justify;\"><span style=\"font-weight: 400; color: #3366ff;\">EN CASO DE NO ACREDITAR O NO ASISTIR, PUEDES REPROGRAMAR PAGANDO DE NUEVO EL CURSO.<\/span><\/p>\n<p>[\/et_pb_accordion_item][et_pb_accordion_item title=\u00bbPASO 7. CONSTANCIA\u00bb _builder_version=\u00bb4.16&#8243; global_colors_info=\u00bb{}\u00bb open=\u00bboff\u00bb]<\/p>\n<p><span style=\"font-weight: 400;\"><span style=\"color: #3366ff;\"><strong>A.<\/strong><\/span> En caso de <span style=\"color: #3366ff;\">ACREDITAR <\/span>el curso, recibir\u00e1s un correo en m\u00e1ximo <span style=\"color: #3366ff;\"><strong>10 d\u00edas h\u00e1biles<\/strong><\/span> con tu <span style=\"color: #3366ff;\">CONSTANCIA<\/span> en un archivo <span style=\"color: #3366ff;\">PDF<\/span>.<\/span><\/p>\n<p>[\/et_pb_accordion_item][\/et_pb_accordion][\/et_pb_column][\/et_pb_row][\/et_pb_section]<\/p>\n","protected":false},"excerpt":{"rendered":"<p>CURSOS PARAB | DICiM \u2013 CECAM CURSOS DEL PROGRAMA AYUDANDO A RESPIRAR A LOS BEB\u00c9S (PARAB) &#8211; M\u00c9XICO INTRODUCCI\u00d3N El DICiM \u2013 CECAM de la Facultad de Medicina de la UNAM, es un Centro Certificado de Entrenamiento del programa AYUDANDO A RESPIRAR A LOS BEB\u00c9S (PARAB). OBJETIVO Ense\u00f1ar la atenci\u00f3n del reci\u00e9n nacido al momento [&hellip;]<\/p>\n","protected":false},"author":3,"featured_media":0,"parent":0,"menu_order":0,"comment_status":"closed","ping_status":"closed","template":"","meta":{"_et_pb_use_builder":"on","_et_pb_old_content":"","_et_gb_content_width":"","footnotes":""},"class_list":["post-2352","page","type-page","status-publish","hentry"],"jetpack_sharing_enabled":true,"jetpack_shortlink":"https:\/\/wp.me\/PaRPU8-BW","_links":{"self":[{"href":"https:\/\/dicim.facmed.unam.mx\/index.php\/wp-json\/wp\/v2\/pages\/2352","targetHints":{"allow":["GET"]}}],"collection":[{"href":"https:\/\/dicim.facmed.unam.mx\/index.php\/wp-json\/wp\/v2\/pages"}],"about":[{"href":"https:\/\/dicim.facmed.unam.mx\/index.php\/wp-json\/wp\/v2\/types\/page"}],"author":[{"embeddable":true,"href":"https:\/\/dicim.facmed.unam.mx\/index.php\/wp-json\/wp\/v2\/users\/3"}],"replies":[{"embeddable":true,"href":"https:\/\/dicim.facmed.unam.mx\/index.php\/wp-json\/wp\/v2\/comments?post=2352"}],"version-history":[{"count":123,"href":"https:\/\/dicim.facmed.unam.mx\/index.php\/wp-json\/wp\/v2\/pages\/2352\/revisions"}],"predecessor-version":[{"id":10337,"href":"https:\/\/dicim.facmed.unam.mx\/index.php\/wp-json\/wp\/v2\/pages\/2352\/revisions\/10337"}],"wp:attachment":[{"href":"https:\/\/dicim.facmed.unam.mx\/index.php\/wp-json\/wp\/v2\/media?parent=2352"}],"curies":[{"name":"wp","href":"https:\/\/api.w.org\/{rel}","templated":true}]}}